). Suppose 2*j + 2 = -0, 5*d = 5*j - 325. Let s = m - d. Is s a composite number?
False
Let c be (-4)/8*(-11 + -1). Is c/15 + (-96)/(-10) composite?
True
Let s be (-2)/5 + (-88)/(-20). Suppose -30 = r - s*r. Is r composite?
True
Let c(k) = k**3 + 2*k**2 - k + 1. Let g be c(-2). Suppose 4*h + 3*b = 53 + 168, -g*b = -3*h + 150. Suppose -h = -5*w + 42. Is w a composite number?
False
Let y = -16 + 67. Is y a composite number?
True
Let f be (-30)/9*(-2 - 1). Suppose -3*w + j + 4 = 0, j + j - f = 0. Suppose 2*q = w*u - 91, 169 = 5*u - 3*q + 4*q. Is u a prime number?
False
Let d be 268/2 - (-3 + 0). Suppose 0 = 4*s - d - 3. Is s a composite number?
True
Let x = 10 - -18. Let h = x - 9. Is h prime?
True
Let j(o) = -o**3 - 2*o**2 + 2*o - 5. Let u be j(-4). Let d = u + -5. Is d a composite number?
True
Suppose -3*o + 3*f = -6*o + 513, 4*o - 3*f - 649 = 0. Is o a prime number?
False
Suppose 0 = 3*s - 2*s - 178. Suppose 0*p - 2*p = -s. Is p composite?
False
Let c(b) = b**2 + 8*b - 16. Is c(13) prime?
True
Let c = -17 + 9. Let v(a) = -a**3 - 7*a**2 + 5*a - 11. Let w be v(c). Suppose 0 = -5*p + 43 - w. Is p composite?
True
Let r(t) = -2 - 4*t**2 + 5*t**2 + 2*t + t. Let h be r(3). Suppose 6 = -2*l + h, 80 = 3*m - 5*l. Is m composite?
True
Suppose 5*l - 1255 = -0*l. Is l composite?
False
Suppose 4*n = 3 + 13. Is -3 - -1*22*n a prime number?
False
Suppose p - 3 - 30 = -n, -4*n + p + 122 = 0. Is n composite?
False
Let t = 5317 - 3784. Suppose -3*d = -3*w - 0*d + t, d - 1037 = -2*w. Suppose 0 = y + 3*y - w. Is y a prime number?
False
Suppose y - 1 = -4*j + 11, j - 3 = 0. Suppose -5 = -5*w - y*w, b = w + 88. Is b prime?
True
Let v(t) = -8*t**3 + 3*t**2 + 8*t + 4. Is v(-3) prime?
True
Let i(x) = 2*x**2 - 7*x. Let u(h) = 1. Let l = 0 + -2. Let b(k) = l*u(k) + i(k). Is b(7) a prime number?
True
Let k be (-396)/(-14) + (-2)/7. Let g be 9/(9/(-10)) + 1. Let a = g + k. Is a a composite number?
False
Let u be -2 + -29 + (2 - 0). Let x = u - -48. Is x composite?
False
Let j(a) = a**3 - a - 1. Let u be j(2). Suppose 3*g - 5*g + 111 = -u*q, 4*g - q = 267. Let y = g + -11. Is y composite?
True
Let b(t) be the first derivative of 37*t**2 + 3. Let a be b(1). Suppose 3*z - a = z. Is z prime?
True
Let t(l) be the second derivative of -14*l**3/3 - 13*l**2/2 + 9*l. Is t(-14) a prime number?
True
Is 1*-2*(-13964)/(-24)*-3 a composite number?
False
Let j(u) = -2*u. Let x be j(0). Suppose -2*a + 4*i + i + 163 = x, -i + 78 = a. Is a prime?
True
Let u(f) be the first derivative of f**4/4 + 10*f**3/3 + 9*f**2/2 + 3*f + 3. Let b be u(-9). Suppose -702 = -4*a - 2*v - 122, b*a - 3*v - 417 = 0. Is a prime?
False
Let l = 144 + 557. Is l a composite number?
False
Let v(q) = -q**2 - 16*q - 17. Is v(-12) prime?
True
Suppose 0 = 4*g + k - 10, -4*k + 12 = -4*g + 6*g. Suppose -z = g*z. Suppose z = 4*u - h - 28, 0 = -6*u + u - 4*h + 35. Is u composite?
False
Let n(d) = 5*d - d**2 + 9*d - d**3 - 4*d + 5*d**2. Is n(-7) prime?
False
Let b = 1121 - -592. Is b composite?
True
Let u(o) = -3*o**3 + 7*o**2 + 2*o. Let n be u(5). Let r = -132 - n. Is r a prime number?
False
Let w(q) be the third derivative of 17*q**4/24 - 2*q**3/3 + q**2. Is w(3) composite?
False
Let w(g) = 5*g**3 - 2*g**2 - 3*g + 5. Is w(2) prime?
True
Suppose -4*h + 5*b + 200 + 371 = 0, 3*b - 15 = 0. Is h prime?
True
Let h be (4/3)/(2/3). Suppose -5*s = h*p - 35, -3*p = -s - 32 - 29. Let u = -1 + p. Is u prime?
True
Let d(r) = r**2 + 3*r + 1. Let x be d(-3). Let z(s) = 56*s - 1. Is z(x) a prime number?
False
Suppose 41 = 4*z - 47. Is 35226/z - (-10)/(-55) prime?
True
Suppose -g = -2*p - 4*g + 12, p - 3*g + 3 = 0. Suppose -2*l + 490 = p*l. Suppose 4*s + 4*r = 6*s - l, 54 = s - r. Is s prime?
True
Let h(q) be the third derivative of q**5/15 + q**4/24 - q**3/3 + q**2. Let i(k) = -2*k**3 + 2*k**2 + 5*k - 6. Let c be i(2). Is h(c) composite?
True
Let l(w) = w + 4. Let d be l(-4). Let x(z) = -z**3 + 4*z**2 - 3*z + 3. Let a be x(3). Is 37 - a/9*d composite?
False
Suppose 8*m = 3*m + 255. Is m a prime number?
False
Let d be ((-24)/(-32))/(2/(-8)). Let p be (4 - 0)/(-2) + 42. Let q = d + p. Is q prime?
True
Let k(q) = 2*q**2 - 6*q**2 - q**3 - 5*q**2 - 5*q. Let f(r) = 2*r**3 + 18*r**2 + 11*r. Let g(n) = -2*f(n) - 5*k(n). Is g(-7) a prime number?
False
Let t = -3 + 6. Let b be (-4 - -286) + t/1. Suppose -w + b = 28. Is w prime?
True
Let t = -57 - -364. Is t a prime number?
True
Let z(w) = -9*w**2 + 3*w - 3. Let x be z(3). Let v = x - -51. Is (-1)/(-4) - 1170/v composite?
True
Let b(l) = -46*l**3. Let q be b(1). Is (-4)/8*q + 3 composite?
True
Let p be 7/(14/4) - -5. Suppose -p*m = -5*m - 242. Is m prime?
False
Suppose -3 = 5*f - 13. Suppose -6*h - 3*y + 127 = -f*h, -4*y = -4*h + 120. Is h a composite number?
False
Let c be 5 - 2*(-1)/(-2). Let g(w) = 2*w - 3*w**3 + 3*w**3 - 5 - 3*w**2 + w**3. Is g(c) a prime number?
True
Suppose -2*l = -389 - 81. Is l prime?
False
Suppose 0 = -3*k - 4 - 2. Is k - (-25*1 + 2) prime?
False
Suppose 2*g + 7 = 33. Is g a composite number?
False
Let v = 208 - 23. Is v a prime number?
False
Suppose 8*k = 3*k + 3165. Is k a composite number?
True
Let x = 250 + -59. Is x a prime number?
True
Suppose 173 = 4*n - 199. Let m = 158 - n. Is m prime?
False
Let s(t) = t**3 + 3*t**2 + t + 2. Let x be s(-3). Let i(c) be the third derivative of -c**4/2 + c**3/6 - 3*c**2. Is i(x) a composite number?
False
Let q = 19 - -2. Is 1/(-3) + 4312/q prime?
False
Let f = 7 - 7. Suppose 0 = -f*q + 4*q + 4*c - 628, 314 = 2*q - 3*c. Is q a prime number?
True
Let p = 51 - -26. Is p a prime number?
False
Let v(m) = -9 - 4*m + 5*m + 8*m. Let y be v(6). Suppose 15 = -2*l + y. Is l a prime number?
False
Suppose 19*t = 14*t + 4105. Is t composite?
False
Suppose -3*l = 3*s - 186, 304 = 5*s + 5*l - 3*l. Suppose 4*w - s = -4*n, -3*w + 28 = -w + 3*n. Suppose -w + 112 = 5*f. Is f a composite number?
False
Suppose -5*a + 34 = 3*w - w, -5*w - 2 = -2*a. Let k(d) = 2*d**2 - 2*d + 9. Is k(a) a composite number?
True
Is (351/2 + 4)*6 prime?
False
Suppose a - 49 = 105. Suppose 2*s - 311 = d, -4*s + a = -3*s + d. Is s composite?
True
Let a = -233 + 895. Is a prime?
False
Let c(v) = -5*v + 2. Let m be c(2). Let p be ((-20)/m)/(1/2). Suppose 23 + p = 4*b. Is b a composite number?
False
Let q = -2120 + 3753. Is q prime?
False
Let b(g) = 357*g + 10. Is b(3) a prime number?
False
Let i = 818 + -462. Is i/3 + (-2)/(-6) prime?
False
Let l be 1096/10 - 2/(-5). Suppose 2*z + 12 = l. Is z a composite number?
True
Suppose -5*p + 3*h + 415 = -4378, -5*h + 20 = 0. Suppose -4*z + p = b, 3*z + 0*b = 3*b + 702. Is z composite?
False
Suppose 12203 = 11*o + 3370. Is o prime?
False
Let z = 8667 - 5924. Is z composite?
True
Is (-808 - -2)*(-2)/4 a prime number?
False
Suppose -5*m = -3*g - 1185, -m + 4*g + 28 = -209. Is m a composite number?
True
Suppose 0*g = -g + 1. Let o be 53 + -3*g/1. Let d = o + -25. Is d a composite number?
True
Let l = 3365 - 1470. Suppose 2*u = -3*u + l. Is u a composite number?
False
Let y = -32 + 60. Suppose 0*v + 4*v + j = -19, -j + 16 = -3*v. Let l = y - v. Is l a composite number?
True
Let t = 3 + -1. Suppose 4*m = -5*h - 11, -t*h + h - 19 = 5*m. Is 4 - 2/(-2 - m) a composite number?
False
Let y(z) = 3*z**2 - 2*z. Suppose -8 = -n + 5*g, -n + 2*g + 0*g + 2 = 0. Let f be y(n). Let u = f - -7. Is u prime?
True
Let a = -36 + 50. Suppose -x - x - a = 0. Let s = x + 22. Is s a prime number?
False
Suppose c + 5 = -1. Is (126/c)/(0 - 1) a composite number?
True
Let f = -4024 + 8219. Is f prime?
False
Suppose -58 + 3 = 5*t. Let a = 22 + t. Is a a prime number?
True
Let x(i) = 28*i + 4. Let b be x(3). Let j = b - -21. Suppose -4*o + u + 119 = 0, -2*o + 3*u = 2*o - j. Is o a prime number?
True
Let g(y) = -25*y - 2 + 3 + 8*y + 1. Is g(-7) prime?
False
Suppose -14 = 2*a - 2*h, -a + 2*h = -2*h + 19. Is (a/((-12)/1172))/1 prime?
True
Suppose -5*s + 422 + 363 = 0. Is s prime?
True
Let l(h) = -h**3 + 2*h. Let b be l(-2). Is (-39)/(-6)*(b - 2) prime?
True
Let j(x) = x**3 + 7*x**2 + 5. Let n be j(-7). Suppose 0 = 6*c - 3*c + 4*i - 1255, 2*i = n*c - 2083. Is c a prime number?
False
Is 8/(-48) + 1790/12 composite?
False
Suppose -4*n = -4*r - 4, 0*r - r + 11 = -5*n. Let f(d) = -24*d - 3. Is f(n) a prime number?
False
Let x be 1 + 4 + (1 - 1). Suppose 1 - 6 = -3*t + u, 0 = -